{"id":1908,"date":"2023-10-30T17:47:24","date_gmt":"2023-10-30T17:47:24","guid":{"rendered":"https:\/\/digital-transformation-advisors.ch\/?page_id=1908"},"modified":"2023-12-12T10:19:41","modified_gmt":"2023-12-12T10:19:41","slug":"impressum","status":"publish","type":"page","link":"https:\/\/digital-transformation-advisors.ch\/?page_id=1908","title":{"rendered":"Impressum"},"content":{"rendered":"\n<h2 class=\"wp-block-heading\"><strong>Kontakt-Adresse<\/strong><\/h2>\n\n\n\n<p>Digital Transformation Advisors<br>c\/o PD Services AG<br>Schweizerhof-Passage 7, 3001 Bern<br>Schweiz<\/p>\n\n\n\n<p>E-Mail:<br>info@digital-transformation-advisors.ch<\/p>\n\n\n\n<h2 class=\"wp-block-heading\"><strong>Handelsregister-Eintrag<\/strong><\/h2>\n\n\n\n<p>Eingetragener Firmenname: Digital Transformation Advisors GmbH<br>Handelsregister Nr: CHE-419.490.559<\/p>\n\n\n\n<h2 class=\"wp-block-heading\"><strong>Mehrwertsteuer-Nummer<\/strong><\/h2>\n\n\n\n<p>CHE-419.490.559<\/p>\n\n\n\n<h2 class=\"wp-block-heading\"><strong>Haftungsausschluss<\/strong><\/h2>\n\n\n\n<p>Der Autor \u00fcbernimmt keinerlei Gew\u00e4hr hinsichtlich der<br>inhaltlichen Richtigkeit, Genauigkeit, Aktualit\u00e4t, Zuverl\u00e4ssigkeit und Vollst\u00e4ndigkeit der<br>Informationen.<\/p>\n\n\n\n<p>Haftungsanspr\u00fcche gegen den Autor wegen Sch\u00e4den materieller oder immaterieller Art, welche aus dem Zugriff<br>oder der Nutzung bzw. Nichtnutzung der ver\u00f6ffentlichten Informationen, durch Missbrauch der Verbindung oder<br>durch technische St\u00f6rungen entstanden sind, werden ausgeschlossen.<\/p>\n\n\n\n<p>Alle Angebote sind unverbindlich. Der Autor beh\u00e4lt es sich ausdr\u00fccklich vor, Teile der Seiten oder das<br>gesamte Angebot ohne besondere Ank\u00fcndigung zu ver\u00e4ndern, zu erg\u00e4nzen, zu l\u00f6schen oder die<br>Ver\u00f6ffentlichung zeitweise oder endg\u00fcltig einzustellen.<\/p>\n\n\n\n<h2 class=\"wp-block-heading\"><strong>Haftungsausschluss f\u00fcr Links<\/strong><\/h2>\n\n\n\n<p>Verweise und Links auf Webseiten Dritter liegen ausserhalb unseres Verantwortungsbereichs. Es wird jegliche<br>Verantwortung f\u00fcr solche Webseiten abgelehnt. Der Zugriff und die Nutzung solcher Webseiten erfolgen auf eigene<br>Gefahr des jeweiligen Nutzers.<\/p>\n\n\n\n<h2 class=\"wp-block-heading\"><strong>Urheberrechte<\/strong><\/h2>\n\n\n\n<p>Die Urheber- und alle anderen Rechte an Inhalten, Bildern, Fotos oder anderen Dateien auf dieser Website,<br>geh\u00f6ren ausschliesslich\u00a0<strong>der Firma Digital Transformation Advisors GmbH<\/strong>\u00a0oder den speziell genannten<br>Rechteinhabern. F\u00fcr die Reproduktion jeglicher Elemente ist die schriftliche Zustimmung des<br>Urheberrechtstr\u00e4gers im Voraus einzuholen.<\/p>\n\n\n\n<p>Quelle:<br><a href=\"https:\/\/www.swissanwalt.ch\/\" target=\"_blank\" rel=\"noreferrer noopener\">SwissAnwalt<\/a><\/p>\n","protected":false},"excerpt":{"rendered":"<p>Kontakt-Adresse Digital Transformation Advisorsc\/o PD Services AGSchweizerhof-Passage 7, 3001 BernSchweiz E-Mail:info@digital-transformation-advisors.ch Handelsregister-Eintrag Eingetragener Firmenname: Digital Transformation Advisors GmbHHandelsregister Nr: CHE-419.490.559 Mehrwertsteuer-Nummer CHE-419.490.559 Haftungsausschluss Der Autor \u00fcbernimmt keinerlei Gew\u00e4hr hinsichtlich derinhaltlichen Richtigkeit, Genauigkeit, Aktualit\u00e4t, Zuverl\u00e4ssigkeit und Vollst\u00e4ndigkeit derInformationen. Haftungsanspr\u00fcche gegen den Autor wegen Sch\u00e4den materieller oder immaterieller Art, welche aus dem Zugriffoder der Nutzung bzw. Nichtnutzung [&hellip;]<\/p>\n","protected":false},"author":2,"featured_media":0,"parent":0,"menu_order":0,"comment_status":"closed","ping_status":"closed","template":"","meta":{"content-type":"","site-sidebar-layout":"default","site-content-layout":"","ast-site-content-layout":"default","site-content-style":"default","site-sidebar-style":"default","ast-global-header-display":"","ast-banner-title-visibility":"","ast-main-header-display":"","ast-hfb-above-header-display":"","ast-hfb-below-header-display":"","ast-hfb-mobile-header-display":"","site-post-title":"","ast-breadcrumbs-content":"","ast-featured-img":"","footer-sml-layout":"","ast-disable-related-posts":"","theme-transparent-header-meta":"","adv-header-id-meta":"","stick-header-meta":"","header-above-stick-meta":"","header-main-stick-meta":"","header-below-stick-meta":"","astra-migrate-meta-layouts":"set","ast-page-background-enabled":"default","ast-page-background-meta":{"desktop":{"background-color":"","background-image":"","background-repeat":"repeat","background-position":"center center","background-size":"auto","background-attachment":"scroll","background-type":"","background-media":"","overlay-type":"","overlay-color":"","overlay-opacity":"","overlay-gradient":""},"tablet":{"background-color":"","background-image":"","background-repeat":"repeat","background-position":"center center","background-size":"auto","background-attachment":"scroll","background-type":"","background-media":"","overlay-type":"","overlay-color":"","overlay-opacity":"","overlay-gradient":""},"mobile":{"background-color":"","background-image":"","background-repeat":"repeat","background-position":"center center","background-size":"auto","background-attachment":"scroll","background-type":"","background-media":"","overlay-type":"","overlay-color":"","overlay-opacity":"","overlay-gradient":""}},"ast-content-background-meta":{"desktop":{"background-color":"var(--ast-global-color-5)","background-image":"","background-repeat":"repeat","background-position":"center center","background-size":"auto","background-attachment":"scroll","background-type":"","background-media":"","overlay-type":"","overlay-color":"","overlay-opacity":"","overlay-gradient":""},"tablet":{"background-color":"var(--ast-global-color-5)","background-image":"","background-repeat":"repeat","background-position":"center center","background-size":"auto","background-attachment":"scroll","background-type":"","background-media":"","overlay-type":"","overlay-color":"","overlay-opacity":"","overlay-gradient":""},"mobile":{"background-color":"var(--ast-global-color-5)","background-image":"","background-repeat":"repeat","background-position":"center center","background-size":"auto","background-attachment":"scroll","background-type":"","background-media":"","overlay-type":"","overlay-color":"","overlay-opacity":"","overlay-gradient":""}},"footnotes":""},"class_list":["post-1908","page","type-page","status-publish","hentry"],"_links":{"self":[{"href":"https:\/\/digital-transformation-advisors.ch\/index.php?rest_route=\/wp\/v2\/pages\/1908","targetHints":{"allow":["GET"]}}],"collection":[{"href":"https:\/\/digital-transformation-advisors.ch\/index.php?rest_route=\/wp\/v2\/pages"}],"about":[{"href":"https:\/\/digital-transformation-advisors.ch\/index.php?rest_route=\/wp\/v2\/types\/page"}],"author":[{"embeddable":true,"href":"https:\/\/digital-transformation-advisors.ch\/index.php?rest_route=\/wp\/v2\/users\/2"}],"replies":[{"embeddable":true,"href":"https:\/\/digital-transformation-advisors.ch\/index.php?rest_route=%2Fwp%2Fv2%2Fcomments&post=1908"}],"version-history":[{"count":5,"href":"https:\/\/digital-transformation-advisors.ch\/index.php?rest_route=\/wp\/v2\/pages\/1908\/revisions"}],"predecessor-version":[{"id":2405,"href":"https:\/\/digital-transformation-advisors.ch\/index.php?rest_route=\/wp\/v2\/pages\/1908\/revisions\/2405"}],"wp:attachment":[{"href":"https:\/\/digital-transformation-advisors.ch\/index.php?rest_route=%2Fwp%2Fv2%2Fmedia&parent=1908"}],"curies":[{"name":"wp","href":"https:\/\/api.w.org\/{rel}","templated":true}]}}